p + 6 = 3*f. What is the tens digit of p?
1
Suppose 42290 = 18*h + 15182. What is the thousands digit of h?
1
Suppose -13 = 14*t - 15*t. Suppose -5*n + 397 = -t. What is the tens digit of n?
8
Suppose 0 = o + 101*q - 103*q - 2981, -3*q + 2966 = o. What is the tens digit of o?
7
Suppose 7 = -6*q - 5. What is the tens digit of (-3 + q)*(-316)/(-30)*-3?
5
Suppose -151 - 364 = -5*j. Suppose 0 = 5*z - 127 - j. What is the units digit of z?
6
Let l = -122 - -178. Let p(r) = -20*r - 98. Let i be p(-5). What is the units digit of i*-2 + 0 + l?
2
Let r = -875 + 1690. What is the tens digit of r?
1
Let i(f) = -4*f**2 + 7 - 7*f + 8*f - 4*f + f**3 - 1. What is the units digit of i(5)?
6
Suppose -29*f + 20700 = 17*f. What is the hundreds digit of f?
4
Let u(n) = -n**3 + n**2 - 2*n - 2. Let v be u(-1). Suppose -a + 2*d + 43 = 4*d, -v*a = 5*d - 84. What is the tens digit of a?
4
Suppose -2*k + 2713 = 3*g, g - 3*k - 398 = 510. What is the tens digit of g?
0
Let i(g) = g**2 + 2. Let a be i(0). Suppose -n + 162 = 3*s + 2*n, -4*n = a*s - 100. What is the units digit of s?
8
Let j be -3*10/(-6) + 2. Suppose 8 = 5*z - j. What is the units digit of -1*(z + -2 + -3)?
2
Let i(r) = r**3 - 14*r**2 + 16*r - 9. Let a(o) = o**2 + 12*o - 18. Let u be a(-14). Let j(f) = f**2 - 8*f - 7. Let s be j(u). What is the tens digit of i(s)?
3
Suppose 0 = -2*r - 27*r + 38367. What is the tens digit of r?
2
Let r = -827 + 888. Let l be 0 - (2 - 0) - 0. What is the tens digit of (r/l)/((-3)/6)?
6
Let a(y) = 5*y - 6*y - 5*y - 3 + 5*y. Let p be a(-6). Suppose 4*x = p*x + 49. What is the tens digit of x?
4
Let s be -4 - (0 + -4) - -2. Let d be 9/s - 5/10. Suppose -m - n + 40 = -3*n, -2*n = -d*m + 142. What is the tens digit of m?
3
Suppose -4 = 2*n, 2*b + 3*n - 270 = -2*b. Let d = 102 - 134. Let i = d + b. What is the tens digit of i?
3
Suppose 0 = -2*a + 10, 167 = -4*t + 3*a - 0*a. Let o = -16 - t. What is the units digit of o?
2
Let a be 1 - (19 - -1)/(-5). Suppose r - a*r = -288. What is the units digit of r?
2
Suppose 0*r + 7 = 5*u + 4*r, 2 = 2*u + 2*r. Suppose -5*z + 2*k + 184 = -89, 2*k = -u*z + 167. What is the tens digit of z?
5
Let n(w) = w**2 + 302 + 3*w**2 - 283 + 5*w. What is the units digit of n(-5)?
4
Let r(a) be the third derivative of -2/3*a**3 - 12*a**2 + 1/8*a**4 + 0 + 0*a. What is the units digit of r(2)?
2
What is the thousands digit of 6386/(-1*12/(6 - 12))?
3
Let h = 7 - 15. Let s = -6 - h. Suppose -5*v + 115 = -g, -v + s*g + 23 = -0. What is the units digit of v?
3
Suppose c + 15 = 5*a, -25 = -2*c - 4*a + 3*a. Let j(g) = g**2 - 43. Let f be j(-7). Suppose 40 - c = f*s. What is the units digit of s?
5
Suppose -i = 8 - 13. Suppose -i*b + 6*j - 2*j - 485 = 0, j = -5*b - 485. Let x = -55 - b. What is the units digit of x?
2
Suppose -49908 = -39*g + 27*g. What is the hundreds digit of g?
1
Let v = 8 - 3. Suppose 483 = v*p - 107. Suppose p = 7*q - 5*q. What is the units digit of q?
9
Let p(i) = i + 1. Let k(j) = j - 9. Let x(y) = -k(y) + 2*p(y). Let o be x(-9). Suppose 3*b - 147 = -o*b - 3*m, 5*m + 125 = 4*b. What is the units digit of b?
0
Let n(u) = 2074*u**3 + u**2 + 20*u - 21. What is the units digit of n(1)?
4
Suppose -6*c + 46 = -7*c. Let l = c - -190. What is the tens digit of l?
4
Let d(n) = -n**3 + 5*n**2 - 2*n - 4. Suppose -7*a = -5*a - 6. Suppose -a*w + 12 = 2*w + 3*k, 7 = 3*w + 2*k. What is the units digit of d(w)?
8
Let q = 1246 + -674. What is the hundreds digit of q?
5
Let q be (22 - 0)/((-2)/(-1)). Let i(r) = r - 8. What is the units digit of i(q)?
3
Let s be ((-24)/10)/((-2)/(-5)). What is the tens digit of (8 + s)/((-4)/(-194))?
9
Let x(b) = -2*b + 9. Let v(k) = -k + 9. Let c(a) = 3*v(a) - 2*x(a). Let z be c(-7). Suppose 5*t = h + 40, h + z = 7. What is the units digit of t?
9
Let h be ((-5)/(-10))/((-1)/(-34)). Let b be h/2 + (-10)/20. Suppose -b*c - 20 = -9*c. What is the tens digit of c?
2
Let h(i) be the first derivative of 20*i**3 + i**2/2 - i - 7. Let a be h(1). Let v = 88 - a. What is the tens digit of v?
2
What is the hundreds digit of (-2646)/14*560/(-30)?
5
Let n be 1 + (-2)/(-6) + 365/(-15). Let d = n - -125. What is the hundreds digit of d?
1
Let u be (-2 + -224)*2/(-4). Let m = u + -41. Let x = 106 - m. What is the units digit of x?
4
Let f(v) = 7*v + 33. Let k be f(11). Let d = 327 - k. What is the hundreds digit of d?
2
Let p be (4/(-12))/(1/(-123)). Let k = -27 + p. What is the units digit of (0 - k/(-8))*4?
7
Let r(l) = -8*l**3 - 14*l**2 + 2*l + 6. What is the tens digit of r(-4)?
8
What is the tens digit of (-1 - -3)/(11/17358)?
5
Suppose -u - 2*z = -1416, -z = -0*u - u + 1425. Suppose 11*m = u + 74. What is the hundreds digit of m?
1
Let s = -11 + 43. Suppose -11*p + 131 = s. What is the units digit of p?
9
Suppose 3*x + 4*k = -33, -55 = 5*x - 2*k + 7*k. Let m be (x + 0)*(-5 - 0). What is the units digit of (-4)/10 - (-627)/m?
1
Suppose -3*z - 296 = 4*h + 286, 5*h + z = -733. Let v = -95 - h. What is the tens digit of v?
5
Suppose 3*r = -2*t + 1, -6*t = -3*t - 15. What is the units digit of r + 3 - (-4 + 2)?
2
Suppose 4*c = -12 + 68. Suppose c = 2*a + 2. Suppose -a*v + 3*v = -96. What is the units digit of v?
2
Let t(p) = 7*p + 0 + 7 - 9 + 9*p**2. What is the hundreds digit of t(-5)?
1
Let q(u) = 24*u**2 + 51*u + 579. What is the units digit of q(-13)?
2
Let f(x) = -21*x**2 + 6*x - 5. Let d be f(-9). What is the units digit of (6/9)/(3 + d/588)?
8
Suppose 2*i + 5*t - 194 = 0, i = -0*t - 2*t + 98. Suppose -i = 6*c - 8*c. What is the tens digit of c?
5
Suppose -3*a = -3*i + 4728, 2*i + 7878 = 7*i - 3*a. Suppose -13*n - 2*n + i = 0. What is the tens digit of n?
0
Let v be (-9*1)/(9/(-6)). Suppose 3*s = v*s - 12, -6 = -p - s. What is the tens digit of 480/22 - p/(-11)?
2
Let j(i) = i**3 + 9*i**2 + 9*i + 1. Let h be j(-8). Let s be h*(-4 + 2)/2. Suppose s*b - 10*b = -48. What is the units digit of b?
6
Let f = 12 + -36. Let h(d) = 6*d**2 - 3*d - 1. Let r be h(3). Let t = f + r. What is the tens digit of t?
2
Suppose -5*l + 6 - 1 = 0, -5*c + 131 = -4*l. Let v = -13 + c. Let w = v - 5. What is the units digit of w?
9
Let o(y) = 2*y + 14. Let z be o(-12). Let p(v) = 4*v**2 + 3*v - 13. Let k(f) = -3*f**2 - 4*f + 12. Let j(u) = -3*k(u) - 2*p(u). What is the tens digit of j(z)?
3
Let t = 27 - -28. Suppose -5*a = -10*a + t. What is the units digit of a?
1
Let a = -752 + 1310. What is the units digit of a?
8
Let p be 9 + -1 - (-3 + 7). Let i be (0 - (3 - p)) + 16. Suppose 15 + i = s. What is the units digit of s?
2
Let u = 103 - 101. Suppose -u*h + 5*s = s - 468, -484 = -2*h - 4*s. What is the hundreds digit of h?
2
Suppose -4*z = -2*b - 1518, 8*z - 13*z + 1897 = -3*b. What is the tens digit of z?
8
Suppose -6*i - 855 = -7*i. What is the units digit of i?
5
What is the thousands digit of (-117192)/(-90) - (-8)/(-60)?
1
Suppose -4*q + s = -5542, 17*q - 4*s = 16*q + 1393. What is the hundreds digit of q?
3
What is the tens digit of 0 - -1 - (-3 + 2 - 147)?
4
Suppose 20 = -5*x - 0*x. What is the tens digit of x/6 - (-2658)/18?
4
Suppose -443 + 1423 = 5*h - 5*z, -420 = -2*h - 5*z. What is the tens digit of h?
0
Let i = -14 + 10. Let f be i/(-20) - 359/(-5). Suppose t + f = 5*t. What is the tens digit of t?
1
Let l be 0 - (-4)/(0 - 1). Let p(q) = q**3 + 9*q**2 + 7*q - 9. What is the tens digit of p(l)?
4
Let f = 2370 + -105. What is the hundreds digit of f?
2
Let z(g) = -20*g + 45. Let o(b) = -7*b + 15. Let h(l) = -17*o(l) + 6*z(l). Let w(s) = s**2 - 4*s - 6. Let d be w(6). What is the units digit of h(d)?
9
Suppose 4*n + 305 = 2201. What is the hundreds digit of n?
4
Let l(x) = x**3 - 4*x**2 + 19*x - 28. What is the units digit of l(8)?
0
Let s(z) = 3*z**2 - 15*z - 185. What is the tens digit of s(-12)?
2
Let i(u) = u**2 - u - 61. Let y be i(8). Let s = y - -281. What is the hundreds digit of s?
2
Let w(h) = 32*h**2 - 12*h + 1. What is the thousands digit of w(-6)?
1
Suppose 4*c + 3*y = -18, 4*y + 10 = -3*c - 0*c. Let r = -3 - c. Suppose 0 = -r*s + 3*o + 2*o - 7, -4*o + 5 = -3*s. What is the units digit of s?
1
Suppose -5*n + 5330 = z - 8, n = -4*z + 1079. What is the tens digit of n?
6
Suppose 298 = p + 3*r, 0 = 4*r - 3 - 17. What is the hundreds digit of p?
2
Suppose -3*m = 0, -2*m - 3 - 7 = -2*n. Suppose w + 4*w = n. What is the units digit of 